 163350?
True
Does 128 divide 845568?
True
Does 20 divide 102400?
True
Does 7 divide 270858?
True
Is 342576 a multiple of 122?
True
Is 14 a factor of 11059538?
True
Is 89238 a multiple of 278?
True
Is 244006 a multiple of 14?
True
Does 202 divide 234118?
True
Does 273 divide 937559?
False
Is 519 a factor of 343355?
False
Is 220576 a multiple of 16?
True
Is 10 a factor of 307113?
False
Is 889931 a multiple of 81?
False
Does 135 divide 426752?
False
Does 263 divide 582101?
False
Is 12 a factor of 7567320?
True
Does 418 divide 1649766?
False
Is 26901 a multiple of 61?
True
Is 4964092 a multiple of 14?
True
Does 74 divide 6740337?
False
Does 182 divide 40404?
True
Is 153847 a multiple of 55?
False
Is 231969 a multiple of 14?
False
Does 30 divide 3217380?
True
Is 4 a factor of 3116540?
True
Is 1110525 a multiple of 221?
True
Does 8 divide 3744997?
False
Does 12 divide 103451?
False
Is 25 a factor of 149924?
False
Is 16427936 a multiple of 784?
True
Is 22 a factor of 32928?
False
Is 219969 a multiple of 9?
True
Does 38 divide 2394?
True
Is 21 a factor of 127526?
False
Does 117 divide 33291?
False
Is 6882680 a multiple of 56?
True
Does 22 divide 52267?
False
Is 141 a factor of 242379?
True
Is 208 a factor of 1257360?
True
Is 9875277 a multiple of 243?
True
Is 14 a factor of 2105236?
True
Is 75 a factor of 314326?
False
Does 330 divide 1496885?
False
Is 87511 a multiple of 16?
False
Does 24 divide 277464?
True
Is 113 a factor of 106399?
False
Is 116046 a multiple of 6?
True
Is 43 a factor of 18646047?
True
Is 214 a factor of 2428671?
False
Is 3039452 a multiple of 115?
False
Is 10 a factor of 349603?
False
Does 15 divide 213990?
True
Is 882176 a multiple of 512?
True
Does 8 divide 2624702?
False
Does 181 divide 3113575?
False
Is 25 a factor of 198600?
True
Is 416545 a multiple of 367?
True
Is 39 a factor of 840012?
False
Is 16 a factor of 16923872?
True
Does 350 divide 9934400?
True
Does 19 divide 217918?
False
Does 26 divide 4897293?
False
Is 43 a factor of 15179?
True
Is 4 a factor of 57946?
False
Does 499 divide 368262?
True
Is 2 a factor of 449908?
True
Is 9 a factor of 7087?
False
Does 75 divide 498552?
False
Is 52 a factor of 1038908?
True
Does 304 divide 98163?
False
Is 893461 a multiple of 29?
True
Does 23 divide 398675?
False
Does 13 divide 1786787?
False
Is 1725 a factor of 3047451?
False
Is 34 a factor of 707030?
True
Is 10318640 a multiple of 180?
False
Is 301 a factor of 1503194?
True
Is 139 a factor of 9642430?
True
Does 12 divide 215208?
True
Does 14 divide 705065?
False
Is 1024305 a multiple of 414?
False
Is 81057 a multiple of 123?
True
Does 231 divide 4669949?
False
Is 31 a factor of 2440964?
False
Does 143 divide 111230?
False
Does 102 divide 241128?
True
Is 40 a factor of 67073?
False
Does 40 divide 1534247?
False
Is 331 a factor of 4700102?
False
Does 47 divide 5123?
True
Does 122 divide 1573190?
True
Is 15 a factor of 128055?
True
Is 388 a factor of 1252464?
True
Is 33642 a multiple of 178?
True
Does 15 divide 87309?
False
Is 19 a factor of 2219272?
False
Is 577609 a multiple of 61?
True
Is 12 a factor of 87516?
True
Does 39 divide 29094?
True
Is 19 a factor of 29717?
False
Is 1388409 a multiple of 49?
False
Is 46035 a multiple of 99?
True
Does 19 divide 81902?
False
Is 111382 even?
True
Does 27 divide 736479?
True
Does 141 divide 29187?
True
Does 497 divide 2005942?
False
Is 205 a factor of 242570?
False
Does 231 divide 679833?
True
Is 49 a factor of 3850665?
True
Is 177 a factor of 1063651?
False
Is 6670 a multiple of 457?
False
Is 12 a factor of 76067?
False
Is 40 a factor of 444223?
False
Is 10367637 a multiple of 257?
True
Does 84 divide 1758082?
False
Is 741982 a multiple of 314?
True
Is 1417562 a multiple of 17?
True
Does 102 divide 31722?
True
Is 130 a factor of 317348?
False
Is 12453641 a multiple of 63?
False
Does 168 divide 3981362?
False
Is 4128399 a multiple of 315?
False
Does 88 divide 3258797?
False
Does 42 divide 374808?
True
Is 29 a factor of 11511?
False
Is 4 a factor of 45590?
False
Is 2737260 a multiple of 36?
True
Does 156 divide 55224?
True
Is 116 a factor of 173252?
False
Does 589 divide 843584?
False
Is 16 a factor of 427824?
True
Is 67 a factor of 7272247?
True
Does 422 divide 161651?
False
Does 25 divide 403225?
True
Is 109705 a multiple of 509?
False
Does 99 divide 487826?
False
Is 944920 a multiple of 690?
False
Is 87 a factor of 9675251?
False
Is 75377 a multiple of 9?
False
Does 119 divide 5161?
False
Is 57782 a multiple of 173?
True
Does 228 divide 11319092?
False
Does 575 divide 512039?
False
Is 153 a factor of 4235?
False
Is 53 a factor of 2005490?
False
Is 287 a factor of 161868?
True
Is 417 a factor of 2004968?
False
Is 5347934 a multiple of 36?
False
Is 3775695 a multiple of 192?
False
Does 774 divide 17081406?
True
Does 1347 divide 17388772?
False
Does 1590 divide 4585547?
False
Is 86 a factor of 7391205?
False
Does 43 divide 4074852?
True
Is 2188192 a multiple of 76?
True
Does 84 divide 216384?
True
Is 1009344 a multiple of 15?
False
Does 5 divide 185015?
True
Is 42056 a multiple of 28?
True
Is 84 a factor of 2597845?
False
Is 22 a factor of 1336566?
True
Is 175315 a multiple of 7?
True
Is 112 a factor of 452479?
False
Does 427 divide 9549928?
False
Is 295 a factor of 421555?
True
Does 36 divide 878224?
False
Is 3984773 a multiple of 25?
False
Does 380 divide 19563160?
True
Is 324 a factor of 154224?
True
Is 11 a factor of 103466?
True
Is 85187 a multiple of 118?
False
Does 334 divide 31097?
False
Is 782 a factor of 4044304?
False
Is 2981344 a multiple of 32?
True
Is 189588 a multiple of 183?
True
Does 16 divide 4161296?
True
Is 13704726 a multiple of 777?
True
Is 160 a factor of 96574?
False
Is 292734 a multiple of 417?
True
Does 152 divide 23256?
True
Does 90 divide 237204?
False
Does 922 divide 7175004?
True
Is 36960 a multiple of 20?
True
Is 193902 a multiple of 8?
False
Is 11 a factor of 32997096?
True
Is 12 a factor of 1133196?
True
Is 180 a factor of 4046940?
True
Is 8122900 a multiple of 29?
True
Is 303 a factor of 16059?
True
Does 21 divide 1118582?
False
Is 37 a factor of 271876?
True
Is 322 a factor of 825930?
True
Is 144085 a multiple of 457?
False
Is 47726 a multiple of 8?
False
Does 7 divide 160999?
False
Is 47 a factor of 7350236?
True
Is 36 a factor of 826814?
False
Does 86 divide 28208?
True
Is 197 a factor of 6985449?
False
Is 263 a factor of 1567217?
True
Does 35 divide 35591?
False
Is 305 a factor of 136335?
True
Is 70 a factor of 63468?
False
Is 605 a factor of 14755950?
True
Does 28 divide 279655?
False
Is 325250 a multiple of 50?
True
Is 2 a factor of 19804?
True
Is 198756 a multiple of 12?
True
Is 3240635 a multiple of 167?
True
Is 249942 a multiple of 219?
False
Is 535509 a multiple of 263?
False
Is 35 a factor of 557468?
False
Is 77 a factor of 11879791?
True
Is 192 a factor of 406464?
True
Is 21227 a multiple of 3?
False
Does 14 divide 3780630?
True
Does 4 divide 73809?
False
Is 14 a factor of 335972?
True
Does 39 divide 242140?
False
Is 6 a factor of 1470404?
False
Does 31 divide 3095954?
False
Does 29 divide 4167039?
True
Is 32587992 a multiple of 24?
True
Is 117534 a multiple of 40?
False
Does 12 divide 8459213?
False
Is 134 a factor of 6805056?
True
Is 13 a factor of 1182636?
True
Is 1782513 a multiple of 55?
False
Is 11461315 a multiple of 342?
False
Is 396 a factor of 1020096?
True
Is 250235 a multiple of 166?
False
Does 17 divide 11190029?
True
Is 44247 a multiple of 21?
True
Is 1898956 a multiple of 6?
False
Is 985131 a multiple of 7?
True
Is 134 a factor of 1191260?
True
Is 689 a factor of 854151?
False
Does 33 divide 1879966?
False
Is 329 a factor of 595161?
True
Is 39 a factor of 21300240?
True
Does 42 divide 40488?
True
Does 10 divide 767735?
False
Does 267 divide 67191?
False
Is 1735470 a multiple of 1518?
False
Is 66843 a multiple of 214?
False
Does 163 divide 916712?
True
Does 13 divide 188732?
False
Does 7 divide 10265?
False
Is 20 a factor of 444580?
True
Is 55 a factor of 43175?
True
Is 55677 a multiple of 67?
True
Is 208 a factor of 83661?
False
Is 96067 a multiple of 7?
False
Is 90450 a multiple of 10?
True
Is 157740 a multiple of 165?
True
Does 66 divide 273195?
False
Is 5151471 a multiple of 18?
False
Is 1516120 a multiple of 290?
True
Is 